{"id":311,"date":"2020-06-18T22:27:09","date_gmt":"2020-06-18T20:27:09","guid":{"rendered":"https:\/\/www.csikszentmihaly.ro\/plebania\/?page_id=311"},"modified":"2020-06-18T22:27:09","modified_gmt":"2020-06-18T20:27:09","slug":"az-egyhazkozsegben-szuletett-papok","status":"publish","type":"page","link":"https:\/\/www.szentmihaly.ro\/index.php\/az-egyhazkozsegben-szuletett-papok\/","title":{"rendered":"Az egyh\u00e1zk\u00f6zs\u00e9gben sz\u00fcletett papok"},"content":{"rendered":"\n<p><strong>Szentmih\u00e1lyi Bal\u00e1zs <\/strong>\u2013 csak annyit jegyeztek fel r\u00f3la, hogy <em>\u201ccs\u00edki sz\u00e1rmaz\u00e1s\u00fa<\/em> <em>pap 1591 k\u00f6r\u00fcl\u201d, <\/em>joggal felt\u00e9telezhetj\u00fck azt, hogy vezet\u00e9kneve sz\u00fcl\u0151faluj\u00e1t jelzi (ugyanis eg\u00e9szen a XV. sz\u00e1zadig javar\u00e9szt csak szem\u00e9lynevek voltak, azut\u00e1n ker\u00fcltek a vezet\u00e9knevek a szem\u00e9lynevek el\u00e9, ami els\u0151sorban sz\u00e1rmaz\u00e1si helyet, foglalkoz\u00e1st, vagy valamilyen jellegzetes tulajdons\u00e1got jel\u00f6ltek).<\/p>\n\n\n\n<p><strong>Antalfi Zsigmond, <\/strong>sz\u00fcl. Cs\u00edkszentmih\u00e1ly (Szentegyh\u00e1zasfalu?). Sz\u00e9kelyudvarhelyen (1717), Kolozsv\u00e1ron (1722-1726) a SJGA-n tanult. Szolg: Cs\u00edkszentl\u00e9leken, 1729 (1731): Cs\u00edkmindszenten, 1740-1744: Cs\u00edkszentgy\u00f6rgy\u00f6n pl\u00e9b\u00e1nos, 1732. aug. 14-\u00e9n jelen van a Cs\u00edksomly\u00f3n tartott <em>generali congregatione<\/em>-n. Meghalt Cs\u00edkszentkir\u00e1lyon, 1744. okt. 27-\u00e9n.<\/p>\n\n\n\n<p><strong>B\u00faz\u00e1s M\u00e1t\u00e9, p\u00e1ter Gell\u00e9rt ofm, <\/strong>ferences szerzetespap, h\u00e1zf\u0151n\u00f6k (sz\u00fcl. 1701 &#8211; megh. 1748). Ferencesnek be\u00f6lt\u00f6z\u00f6tt 1720. szept. 24-\u00e9n, felszentelt\u00e9k 1725. j\u00fal. 1-j\u00e9n, 1738-\u201941 k\u00f6z\u00f6tt definitor, 1747-\u201948 k\u00f6z\u00f6tt Custos Lector Generalis. Azt jegyezt\u00e9k fel kort\u00e1rsai, hogy <strong><em>p\u00e9ld\u00e1s \u00e9let\u0171 szerzetes volt. <\/em><\/strong>Meghalt mint Custos h\u00e1zf\u0151n\u00f6k Gyulafeh\u00e9rv\u00e1rt, 1748. m\u00e1j. 31-\u00e9n.<\/p>\n\n\n\n<p><strong>Sz\u0151cs Andr\u00e1s, <\/strong>sz\u00fcl. Cs\u00edkszentmih\u00e1ly. Kolozsv\u00e1ron (1727-1731) a SJGA-n \u00e9s Nagyszombatban (1732-1733) tanult. Szolg\u00e1latai: 1749 (1753?)-1755: Gyergy\u00f3alfaluban, 1755-1769: Cs\u00edkszentmikl\u00f3son pl\u00e9b\u00e1nos<\/p>\n\n\n\n<p><strong>Er\u0151ss Bertalan <em>remete-szerzetes<\/em><\/strong>, sz\u00fcl. 18. sz\u00e1zad elej\u00e9n, Cs\u00edkszentmih\u00e1ly-Ajn\u00e1d, aki a veszpr\u00e9mi p\u00fcsp\u00f6ks\u00e9g ter\u00fclet\u00e9n \u00e9lt egy ideig. A veszpr\u00e9mi p\u00fcsp\u00f6kt\u0151l k\u00e9rt \u00fatlevelet, hogy R\u00f3m\u00e1ba utazhasson. Kett\u0151s c\u00e9lja volt: zar\u00e1ndokolni a szent v\u00e1rosba \u00e9s ferences harmadrendi fogadalmat tenni R\u00f3m\u00e1ban. P\u00e1p\u00e1r\u00f3l remetek\u00e9nt ment R\u00f3m\u00e1ba, ahol 1750. \u00e1prilis elej\u00e9n Onophrius Desideri ferences tartom\u00e1nyf\u0151n\u00f6kt\u0151l vette fel a ferences remeteruh\u00e1t, ezt hiteles pecs\u00e9ttel er\u0151s\u00edtett \u00edr\u00e1ssal igazolta, ezut\u00e1n t\u00e9rt vissza Erd\u00e9lybe. 1752-ben a cs\u00edksomly\u00f3i remet\u00e9n\u00e9l t\u00f6lt\u00f6tte ki novici\u00e1tus\u00e1t, majd R\u00f3m\u00e1ban Desideri tartom\u00e1nyf\u0151n\u00f6k el\u0151tt tett fogadalmat a r\u00f3mai Szent Kozma \u00e9s Damj\u00e1n templomban.<\/p>\n\n\n\n<p><strong>S\u00e1ndor Ferenc<\/strong>, sz\u00fcl. 1719, Cs\u00edkszentmih\u00e1ly. 1746-1762 k\u00f6z\u00f6tt kozm\u00e1si, majd 1762- 1770 sz\u00e9kelyh\u00f3dosi pl\u00e9b\u00e1nos, marosi f\u0151esperes, apostoli f\u0151jegyz\u0151, kanonok. Meghalt 1770. m\u00e1jus 20-\u00e1n, 51 \u00e9vesen. Testv\u00e9re <strong>S\u00e1ndor J\u00e1nos<\/strong>, aki <strong>minorita szerzetes <\/strong>volt.<\/p>\n\n\n\n<p><strong>G\u00e1ll M\u00e1t\u00e9, p\u00e1ter Gaudenc ofm, <\/strong>ferences szerzetespap<strong>, <\/strong>sz\u00fcl. 1755, Cs\u00edkszentmih\u00e1ly- Ajn\u00e1d. 1774-ben v\u00e9gzi el a gimn\u00e1ziumot Cs\u00edksomly\u00f3n, 1774. szept. 17-\u00e9n \u00f6lt\u00f6z\u00f6tt be ferencesnek, papp\u00e1 szentelt\u00e9k 1779. febr. 7-\u00e9n. Cserey Mih\u00e1ly kincst\u00e1ri tan\u00e1csos h\u00e1z\u00e1n\u00e1l is volt lelk\u00e9sz 1796-\u201997-ben. Meghalt &#8211; mint gog\u00e1nv\u00e1raljai384 lelk\u00e9sz &#8211; v\u00edzk\u00f3rs\u00e1gban Medgyesen 1797. \u00e1pr. 24-\u00e9n.<\/p>\n\n\n\n<p><strong>Bi\u00e1lis J\u00e1nos, p\u00e1ter Istv\u00e1n ofm, <\/strong>ferences pap, aki Bi\u00e1lis J\u00e1nos (Felcs\u00edk alkir\u00e1lyb\u00edr\u00e1ja) \u00e9s S\u00e1ndor Katalin 4. gyermekek\u00e9nt sz\u00fcletett. Sz\u00fclet\u00e9si \u00e9v\u00e9t \u00e9s felszentel\u00e9s\u00e9nek idej\u00e9t nem ismerj\u00fck, csak annyit tudunk, hogy 1775-ben Nagyenyeden helyettes h\u00e1zf\u0151n\u00f6k, majd Firtoson \u00e9s Kant\u00e1n tan\u00e1r, majd h\u00e1zf\u0151n\u00f6k Kant\u00e1n 1782-ig. Ezut\u00e1n Moldv\u00e1ba ment misszi\u00f3zni (Szab\u00f3falv\u00e1ra, Gorzafalv\u00e1ra), itt halt meg 1797. okt. 14-\u00e9n.<\/p>\n\n\n\n<p><strong>Szak\u00e1lli G\u00e1bor, p\u00e1ter J\u00e1nos ofm, <\/strong>ferences szerzetespap, sz\u00fcl. 1776. m\u00e1rc. 12., be\u00f6lt\u00f6z\u00f6tt 1801. okt. 10-\u00e9n, papp\u00e1 szentelt\u00e9k 1804. szept. 30-\u00e1n. Tord\u00e1n halt meg 1810. szept. 20-\u00e1n.<\/p>\n\n\n\n<p><strong>Lad\u00f3 Jakab, p\u00e1ter K\u00e1roly ofm, <\/strong>ferences szerzetespap, sz\u00fcl. 1781. \u00e1pr. 25. Be\u00f6lt\u00f6z\u00f6tt a ferencrendbe 1799. m\u00e1j. 25., papp\u00e1 szentelt\u00e9k 1804. szept. 30-\u00e1n. Meghalt 1822. \u00e1pr. 22.<\/p>\n\n\n\n<p><strong>Moln\u00e1r J\u00f3zsef, p\u00e1ter Val\u00e9ri\u00e1n ofm, <\/strong>ferences szerzetespap, sz\u00fcl. 1785. \u00e1pr. 19. A ferencrendbe bel\u00e9pett 1806. szept. 8-\u00e1n, papp\u00e1 szentelt\u00e9k 1809. \u00e1pr. 2-\u00e1n. T\u00f6rcsv\u00e1r (Bran) pl\u00e9b\u00e1nosa 1811. szept. 8-t\u00f3l, majd T\u00fcrk\u00f6s (Brass\u00f3 megye) pl\u00e9b\u00e1nosa (1817-\u201918, 1847-\u201852). Meghalt 1869. okt. 28-\u00e1n Nagyszebenben, 85 \u00e9vesen <\/p>\n\n\n\n<p><strong>B\u00faz\u00e1s Mih\u00e1ly <\/strong>(Cs\u00edkszentmih\u00e1ly, 1831. szept. 29. &#8211; Cs\u00edkszentkir\u00e1ly, 1903. m\u00e1rc. 23<em>.) <\/em>A gimn\u00e1ziumot Cs\u00edksomly\u00f3n \u00e9s Sz\u00e9kelyudvarhelyen, a teol\u00f3giai tanulm\u00e1nyait Gyulafeh\u00e9rv\u00e1ron v\u00e9gezte. Papp\u00e1 szentelik: 1855. szept. 9. Szolg\u00e1lt: Bereckben k\u00e1pl\u00e1n, 1856: pl\u00e9b\u00e1nos ugyanott; 1869: Cs\u00edkszentkir\u00e1lyon, 1875: Cs\u00edkszentm\u00e1rtonban pl\u00e9b. 1895: tb. kanonok.<\/p>\n\n\n\n<p><strong>Papp Elek, fr\u00e1ter Szilveszter ofm, <\/strong>ferences szerzetes, sz\u00fcl. 1879. dec. 28., be\u00f6lt\u00f6z\u00f6tt 1908. \u00e1pr. 26., egyszer\u0171 fogadalmat 1910. okt. 6-\u00e1n, \u00fcnnep\u00e9lyes \u00f6r\u00f6k fogadalmat 1919. j\u00fal. 17-\u00e9n tett. \u0150 szerzetestestv\u00e9r volt, nem k\u00e9rte a papp\u00e1szentel\u00e9st. Meghalt Esztelneken 1956. m\u00e1jus 9-\u00e9n.<\/p>\n\n\n\n<p><strong>Imre Gy\u00f6rgy, fr\u00e1ter Szaniszl\u00f3 ofm, <\/strong>ajn\u00e1di ferences szerzetes 1899-1902 k\u00f6z\u00f6tt. 1902-ben t\u00e1vozott a rendb\u0151l.<\/p>\n\n\n\n<p><strong>Cs\u00e1ki Benjamin dr., <em>teol\u00f3giai tan\u00e1r <\/em><\/strong>(Cs\u00edkajn\u00e1d, 1885. nov. 3. \u2013 Abbotsford (Kanada), 1975. j\u00fal. 2.). A gimn\u00e1ziumot Cs\u00edksomly\u00f3n \u00e9s Gyulafeh\u00e9rv\u00e1ron (1896- 1904), a teol\u00f3gi\u00e1t R\u00f3m\u00e1ban (1904-1911) v\u00e9gezte a <em>Collegium Germanicum et<\/em> <em>Hungaricum <\/em>n\u00f6vend\u00e9kek\u00e9nt. K\u00fclf\u00f6ldi tanulm\u00e1nyait gr. Majl\u00e1th Guszt\u00e1v K\u00e1roly p\u00fcsp\u00f6k t\u00e1mogatta. Doktor\u00e1lt filoz\u00f3fi\u00e1b\u00f3l \u00e9s teol\u00f3gi\u00e1b\u00f3l. Papp\u00e1 szentelik: R\u00f3m\u00e1ban, 1910. okt. 28-\u00e1n. <em>Szolg\u00e1lati helyek: <\/em>k\u00e1pl\u00e1n &#8211; 1911: Beszterce, 1912: Kolozsv\u00e1r, 1913-1915: Gyulafeh\u00e9rv\u00e1ron spiritu\u00e1lis, filoz\u00f3fia \u00e9s liturgika tan\u00e1r, 1915: Vulk\u00e1n, 1916-1918: Gyergy\u00f3alfalu pl\u00e9b\u00e1nos, 1918-\u201819-ben tan\u00e1r Budapesten. A vil\u00e1gh\u00e1bor\u00fa ut\u00e1n (1919- t\u0151l) kanadai misszi\u00f3ba ment, ahol 1934-ig volt Regina egyh\u00e1zmegy\u00e9ben Saskatchewan  v\u00e1ros magyar lelkip\u00e1sztora. 1934-t\u0151l a vancouveri egyh\u00e1zmegye papja, majd 1948-t\u00f3l Abbotsford Szt. L\u00e1szl\u00f3 pl\u00e9b\u00e1ni\u00e1j\u00e1nak adminisztr\u00e1tora lett. Itt hunyt el 90 \u00e9vesen. A kanadai magyarok nagy tisztelettel emlegetik, eml\u00e9khelyet is l\u00e9tes\u00edtettek sz\u00e1m\u00e1ra.<\/p>\n\n\n\n<p><strong>Csisz\u00e1r Imre, fr\u00e1ter D\u00e1vid ofm<\/strong>, ferences szerzetes, sz\u00fcl. 1903. november 10-\u00e9n, be\u00f6lt\u00f6z\u00f6tt 1926. dec. 8-\u00e1n.<\/p>\n\n\n\n<p><strong>Szekeres Lajos, fr\u00e1ter Liboriusz ofm, <\/strong>ferences szerzetes, sz\u00fcl. 1909. szept. 2-\u00e1n, be\u00f6lt\u00f6z\u00f6tt a ferencrendbe 1926. j\u00fan. 19-\u00e9n. K\u00f6nyvk\u00f6t\u0151 volt 21 \u00e9vig a kolozsv\u00e1ri Szt. Bonaventura nyomd\u00e1ban, ahogy jellemezt\u00e9k kort\u00e1rsai: <em>\u201ccsendes, alapos, h\u0171s\u00e9ges<\/em> <em>k\u00f6nyvk\u00f6t\u0151\u201d<\/em>. Kiv\u00e1l\u00f3 orgonista volt.<\/p>\n\n\n\n<p><strong>R\u00e1cz J\u00f3zsef id. <\/strong>(sz\u00fcl. Cs\u00edkajn\u00e1d, 1888. szeptember 18. \u2013 Kanada, 1969). Sz\u00fclei R\u00e1cz J\u00f3zsef \u00e9s Koncz Roz\u00e1lia. L\u00e1nytestv\u00e9re, Anna Balogh Lajos k\u00e1ntortan\u00edt\u00f3 feles\u00e9ge (1896- 1985). J\u00f3zsefet 1912. j\u00fanius 29-\u00e9n szentelt\u00e9k papp\u00e1, 1912-1914: Sepsiszentgy\u00f6rgy k\u00e1pl\u00e1nja, majd 1915-ig Bereck pl\u00e9b\u00e1nosa. 1915-ben emigr\u00e1l Kanad\u00e1ba (el\u0151bb Montrealba, majd Winnipegben pl\u00e9b\u00e1nos). 1938-ban hazaj\u00f6n, \u00e9s \u00e9desapj\u00e1t mag\u00e1val viszi Kanad\u00e1ba, aki a k\u00f6zel egy h\u00f3napos utaz\u00e1s ut\u00e1n hamarosan meghalt. R\u00e1cz J\u00f3zsef 1969-ben, 81 \u00e9vesen halt meg a vancouveri egyh\u00e1zmegy\u00e9ben. Sajnos, az emigr\u00e1ci\u00f3ban t\u00f6lt\u00f6tt id\u0151r\u0151l keveset tudunk.<\/p>\n\n\n\n<p><strong>R\u00e1cz J\u00f3zsef ifj. <\/strong>(sz\u00fcl. Cs\u00edkajn\u00e1d, 1927. m\u00e1rc. 20. -Jobb\u00e1gytelke, 1976. okt. 12.). Sz\u00fclei R\u00e1cz J\u00e1nos (sz\u00fcl.1891) \u00e9s Dobos Julianna (sz\u00fcl. 1887) f\u00f6ldm\u0171ves csal\u00e1d. A gimn\u00e1ziumot Cs\u00edkszered\u00e1ban \u00e9s Gyulafeh\u00e9rv\u00e1ron, teol\u00f3giai tanulm\u00e1nyait Gyulafeh\u00e9rv\u00e1ron v\u00e9gezte. Papp\u00e1 szentelik: Gyulafeh\u00e9rv\u00e1r, 1957. \u00e1pr. 28. Szolg\u00e1lt: 1957: Ditr\u00f3ban k\u00e1pl\u00e1n. 1961: Cs\u00edknagyboldogasszonyon \/ Karcfalva-Jen\u0151falva\/, majd 1970-1976: Jobb\u00e1gytelk\u00e9n pl\u00e9b\u00e1nos. 49 \u00e9vet \u00e9lt.<\/p>\n\n\n\n<p><strong>B\u00faz\u00e1s \u00c1rp\u00e1d <\/strong>(sz\u00fcl. Cs\u00edkszentmih\u00e1ly, 1954. febr. 25.-) iskol\u00e1it sz\u00fcl\u0151faluj\u00e1ban, a k\u00f6z\u00e9piskol\u00e1t \u00e9s teol\u00f3gi\u00e1t Gyulafeh\u00e9rv\u00e1ron v\u00e9gezte. 1980-ban szentelt\u00e9k papp\u00e1, szolg\u00e1lati helyei: Szentegyh\u00e1za \u2013 k\u00e1pl\u00e1n (1980-\u201981), Gyergy\u00f3remete \u2013 k\u00e1pl\u00e1n (1981-\u201983), Kolozs \u2013 pl\u00e9b\u00e1nos (1983-1987), Cs\u00edkr\u00e1kos \u2013 pl\u00e9b\u00e1nos (1987- ).<\/p>\n\n\n\n<p><strong>Sebesty\u00e9n P\u00e9ter (<\/strong>sz\u00fcl. Cs\u00edkszentmih\u00e1ly, 1968. febr. 27. &#8211; ) K\u00f6z\u00e9piskolai \u00e9s teol\u00f3giai tanulm\u00e1nyait Gyulafeh\u00e9rv\u00e1ron a k\u00e1ntoriskol\u00e1ban, valamint a Hittudom\u00e1nyi F\u0151iskol\u00e1ban v\u00e9gezte. Papp\u00e1 szentelik: Gyulafeh\u00e9rv\u00e1r, 1992. \u00e1pr. 25., B\u00e1lint Lajos \u00e9rsek. Szolg\u00e1lt: 1992: Sepsiszentgy\u00f6rgy\u00f6n, majd ugyanebben az \u00e9vben Cs\u00edkszered\u00e1ban, 1996: Gyergy\u00f3remet\u00e9n k\u00e1pl\u00e1n; 1997: Erd\u0151szentgy\u00f6rgy\u00f6n, 2006: Marosv\u00e1s\u00e1rhely-Szt. Imre pl\u00e9b\u00e1ni\u00e1n pl\u00e9b\u00e1nos, 2000: szentsz\u00e9ki tan\u00e1csos. T\u00f6bb k\u00f6tete jelent meg: <em>\u00c9letutak <\/em>(2000), <em>Agap\u00e9t\u00f3l Zsolt\u00e1rig (<\/em>2001), <em>K\u00e9szenl\u00e9tben <\/em>(2003), <em>B\u00f6z\u00f6d\u00fajfalu &#8211;<\/em>1729 &#8211; <em>Erd\u0151szentgy\u00f6rgy<\/em> <em>2004 &#8211; <\/em>275 <em>\u00e9v. <\/em>Kismonogr\u00e1fia (2004), <em>Csal\u00e1di szent\u00e9ly <\/em>(2004), <em>N\u00e9zz az \u00e9g fel\u00e9 <\/em>(2005), <em>\u00d6r\u00f6mh\u00edr (<\/em>2006), <em>Kih\u00edv\u00e1s \u00e9s szolg\u00e1lat (<\/em>2008), <em>Kiskertembe rozmaringot \u00fcltettem<\/em> <em>(<\/em>2008).<\/p>\n","protected":false},"excerpt":{"rendered":"<p>Szentmih\u00e1lyi Bal\u00e1zs \u2013 csak annyit jegyeztek fel r\u00f3la, hogy \u201ccs\u00edki sz\u00e1rmaz\u00e1s\u00fa pap 1591 k\u00f6r\u00fcl\u201d, joggal felt\u00e9telezhetj\u00fck azt, hogy vezet\u00e9kneve sz\u00fcl\u0151faluj\u00e1t jelzi (ugyanis eg\u00e9szen a XV. sz\u00e1zadig javar\u00e9szt csak szem\u00e9lynevek voltak, azut\u00e1n ker\u00fcltek a vezet\u00e9knevek a szem\u00e9lynevek el\u00e9, ami els\u0151sorban sz\u00e1rmaz\u00e1si helyet, foglalkoz\u00e1st, vagy valamilyen jellegzetes tulajdons\u00e1got jel\u00f6ltek). Antalfi Zsigmond, sz\u00fcl. Cs\u00edkszentmih\u00e1ly (Szentegyh\u00e1zasfalu?). Sz\u00e9kelyudvarhelyen (1717), Kolozsv\u00e1ron &#8230; <span class=\"more\"><a class=\"more-link\" href=\"https:\/\/www.szentmihaly.ro\/index.php\/az-egyhazkozsegben-szuletett-papok\/\">[Tov\u00e1bb&#8230;]<\/a><\/span><\/p>\n","protected":false},"author":1,"featured_media":0,"parent":0,"menu_order":0,"comment_status":"closed","ping_status":"closed","template":"","meta":{"ngg_post_thumbnail":0,"footnotes":""},"class_list":["entry","page","publish","author-egyhaz_hmddw7bu","post-311"],"_links":{"self":[{"href":"https:\/\/www.szentmihaly.ro\/index.php\/wp-json\/wp\/v2\/pages\/311","targetHints":{"allow":["GET"]}}],"collection":[{"href":"https:\/\/www.szentmihaly.ro\/index.php\/wp-json\/wp\/v2\/pages"}],"about":[{"href":"https:\/\/www.szentmihaly.ro\/index.php\/wp-json\/wp\/v2\/types\/page"}],"author":[{"embeddable":true,"href":"https:\/\/www.szentmihaly.ro\/index.php\/wp-json\/wp\/v2\/users\/1"}],"replies":[{"embeddable":true,"href":"https:\/\/www.szentmihaly.ro\/index.php\/wp-json\/wp\/v2\/comments?post=311"}],"version-history":[{"count":1,"href":"https:\/\/www.szentmihaly.ro\/index.php\/wp-json\/wp\/v2\/pages\/311\/revisions"}],"predecessor-version":[{"id":313,"href":"https:\/\/www.szentmihaly.ro\/index.php\/wp-json\/wp\/v2\/pages\/311\/revisions\/313"}],"wp:attachment":[{"href":"https:\/\/www.szentmihaly.ro\/index.php\/wp-json\/wp\/v2\/media?parent=311"}],"curies":[{"name":"wp","href":"https:\/\/api.w.org\/{rel}","templated":true}]}}